-2*i + 39, -f*p + 14 = 2*i. Let q(z) = -z + 8 - z + 6 - i. Give q(4).
-6
Let o(q) = -1123*q + 1160*q + 8 + 32. Give o(-1).
3
Let k be ((-742)/848)/(2/16). Let l(d) = 2*d**2 + 20*d + 35. Determine l(k).
-7
Suppose 5 - 1 = 4*l. Let u be l/(-3) - 19/(-3). Let g(b) = b**3 + b**2 - 2*b - 1. Let c(i) = -5*i**3 + 2*i**2 + 9*i + 5. Let s(d) = -c(d) - 4*g(d). Give s(u).
-7
Let l = 1 + 2. Suppose 7*a - 12*a + 220 = 0. Let i(s) = 22 + 25 - s - a. Calculate i(l).
0
Let l(f) = 6*f. Let x(z) = -z**3 - 7*z**2 - 4*z - 5. Let i be ((-2)/6)/(-7 - (-148)/21). Let h be x(i). Suppose 26 = -3*k + h. What is l(k)?
-6
Let i = 4394 - 4382. Let q(s) = -8*s + 16. Calculate q(i).
-80
Let d = -4014 - -4025. Let x(j) = j**2 - 13*j - 10. Give x(d).
-32
Suppose 83*g = 149*g - 73 - 389. Let s(w) = 3*w**2 + 11*w - 6. Let l = 3 - 8. Let m(o) = 4*o**2 + 12*o - 5. Let z(x) = l*s(x) + 4*m(x). Calculate z(g).
10
Let z(u) = 4*u - 17. Let p = 44 + -40. Suppose -40 = -p*a - 4*a. Let t(s) = s - 1. Let o(g) = a*t(g) - z(g). Calculate o(0).
12
Let m(v) be the first derivative of -3*v**2/2 + 4*v - 3649. Suppose 3*x + 0 - 24 = 0. Let r = 5 - x. Give m(r).
13
Let z(x) = 5*x - 216 + 272 + 0*x. What is z(-11)?
1
Let t(k) = -134*k + 11. Let z be t(3). Let p = 385 + z. Let o(c) be the first derivative of c**4/4 + 7*c**3/3 + 4*c**2 + 6*c - 1. What is o(p)?
-6
Let p(r) = -4*r**2 - 67*r + 225. Let b(d) = -2*d**2 - 33*d + 110. Let m(u) = 9*b(u) - 5*p(u). What is m(-22)?
-3
Let a(s) = -5*s**3 + 4*s**2 + 33*s - 53. Let h(n) = -9*n**3 + 8*n**2 + 66*n - 94. Let b(f) = 7*a(f) - 4*h(f). Give b(8).
-3
Let x(d) = 2*d**2 - 8*d + 6. Let z(o) = -o**3 + 3*o**2 + 4*o - 1. Let n(b) = -b**3 - b. Let w(k) = -5*n(k) - z(k). Let s be w(1). What is x(s)?
16
Let f = -5/411 - -79/2740. Let b(v) be the third derivative of 1/6*v**4 + 0 + 1/2*v**3 + f*v**5 + 0*v + 10*v**2. Calculate b(-4).
3
Let w(c) = -c**3 + 21*c**2 - 38*c + 2. Let i be w(19). Let h(v) = -3 + 10*v**2 + 2*v - 13*v**i - 6*v + 4*v**2. What is h(3)?
-6
Let m(q) = -14*q**2 - 20*q + 25. Let p(o) = 3*o**2 - 4. Let k(a) = m(a) + 5*p(a). Give k(21).
26
Let d(p) be the first derivative of -p**5/60 - 7*p**4/24 - 3*p**3/2 - 66*p**2 + 197. Let z(s) be the second derivative of d(s). What is z(-6)?
-3
Let v(z) = 30*z**2 + 3*z - 7 - 31*z**2 + z + 10. Let y(c) be the first derivative of -2*c**3/3 + 13*c**2/2 - 8*c + 19. Let h be y(6). Give v(h).
-9
Suppose 0 = -4*p - 2*k + 4 + 146, -171 = -5*p + 3*k. Suppose -12 = p*a - 38*a. Let o(r) = -r**3 + 5*r**2 + 8*r. Calculate o(a).
12
Let o(u) = -17*u**3 + 16*u**2 - 10*u + 15. Let f(c) = -3*c**3 + 4*c**2 - 3*c + 1. Let y(l) = 6*f(l) - o(l). Give y(5).
26
Let v(j) be the second derivative of -11*j**3/2 - 87*j**2 - 2548*j. What is v(-5)?
-9
Let g(n) = -6*n + 1. Suppose 0 = 4*m - 2 - 2. Suppose -x + 5 = -2*o + 3*o, -24 = -4*x - 2*o. Suppose x*y = 8*y - m. What is g(y)?
-5
Let h(k) = k**2 + 5*k - 159. Let n(s) = s**2 + 7*s - 157. Let x(r) = -5*h(r) + 4*n(r). Calculate x(14).
13
Let c(t) = t**3 - 14*t + 4. Suppose 0 = y - 5, -3*s - s + y - 29 = 0. Let r(p) = -p**2 - p + 2. Let i(d) = s*r(d) + c(d). What is i(-7)?
-1
Let c(w) = -25*w + 2. Let g(z) = 37*z + 46. Let k(y) = -2*c(y) - 2*g(y). Determine k(-5).
24
Let v(f) = f**2 + 3*f - 18. Let z(x) = 99*x + 1197. Let y be z(-12). Calculate v(y).
90
Let m = 130 + -200. Let i = 66 + m. Let u(p) be the third derivative of p**5/60 - p**3/6 - 6*p**2. What is u(i)?
15
Let g(z) = 13*z**2 - 33*z + 16. Let r(c) = -23*c**2 + 60*c - 32. Let h(j) = 7*g(j) + 4*r(j). Give h(9).
-16
Let j(c) = 5*c - 27. Let o(p) = 2*p - 14. Let k(r) = 6*j(r) - 14*o(r). Determine k(-15).
4
Let o(z) be the first derivative of 1/2*z**2 - 1/3*z**3 + 87 + 7*z. Calculate o(0).
7
Let a(j) = 3*j - 29. Suppose 10*t - v + 21 = 12*t, v = 5*t - 35. What is a(t)?
-5
Let u(y) = y - 8. Suppose 5*k - 2*k + f = 31, 38 = 2*k + 5*f. Suppose -k*t - 14 = -10*t. Give u(t).
6
Let i(r) = 2*r - 1. Let c(o) = 3*o + 43. Let j be ((-8)/10)/((-6)/(-15)). Let d be ((52/(-8))/(-1))/(j/4). Let a be c(d). Give i(a).
7
Suppose -5*c + 12 = -j, 3*j + 2*c - 3*c - 6 = 0. Let f(p) = j + 0 + 2 + 2*p. Calculate f(5).
15
Let i(x) = 2*x**3 - 17*x**2 - 2*x + 10. Suppose 3*q - 4*o + 9 = 0, 4053*q + 63 = 4057*q + 3*o. What is i(q)?
73
Let w(h) be the second derivative of 5*h**3/2 - 121*h**2/2 + 3701*h. Determine w(8).
-1
Let k(u) = -18*u - 399. Let g(t) = 3*t + 62. Let z(i) = 39*g(i) + 6*k(i). Give z(-5).
-21
Let s(g) = -46*g + 7 - 44*g - 44*g + 137*g - g**2 + 2. Suppose 1 = n - 4. Determine s(n).
-1
Let v be ((-13)/(-3) - 1)*(-378)/70. Let x(d) = 5*d + 97. Determine x(v).
7
Let l = 340 + -321. Let d(q) = -17 + 0 + l - q + 3*q. Calculate d(-2).
-2
Let f be (-1)/(-4) - (-6)/8. Let h(a) = -17*a + 86. Let y(v) = 8*v - 47. Let d(r) = 6*h(r) + 11*y(r). Determine d(f).
-15
Let h(l) = -2*l**2 - 5*l + 3. Let v be 1 + 1/(4 - (-36)/(-8)). Let p = -5 - v. Determine h(p).
-9
Suppose -43*k - 225 - 76 = 0. Let y(t) = -3*t + 3. Calculate y(k).
24
Let n(h) = -h**2 + 4*h - 11. Let w = 552 - 547. Give n(w).
-16
Let o(n) be the second derivative of -3*n**4/4 - n**3/3 - n**2/2 - 22*n. Let k be (-3)/(-2)*460/(-690). Determine o(k).
-8
Let x(j) = 17*j**3 - 4*j**2 + 13*j - 24. Let w(d) = -37*d**3 + 9*d**2 - 30*d + 50. Let i(t) = 5*w(t) + 11*x(t). What is i(-2)?
-12
Let b(x) = -x**3 - 2*x**2 + 5*x - 12. Let n be b(-4). Let i be (-3 + 2)*n*(-4)/12. Let l(k) = -6 + k**2 + i*k**2 - 2*k + 2 + 10*k. Determine l(-7).
-11
Let r(p) = p**3 + 10*p**2 - 62*p - 89. Let z be r(-14). Let b(h) = h**3 + 6*h**2 + 2*h + 14. What is b(z)?
29
Let x = -1691 - -2914. Let o(i) = x - 611 - 7*i - 613. What is o(3)?
-22
Let s = 8311 - 8286. Let r(l) = l**3 - 25*l**2 - 2*l + 8. Give r(s).
-42
Let o be ((-4)/2)/(6/(-36)). Let v(n) = n - 2 + o - 2 - 2*n. Suppose 63*m - 574 + 196 = 0. What is v(m)?
2
Let s(f) = -10*f**2 + 6*f - 9. Suppose 6 = -25*l + 45*l - 34. Calculate s(l).
-37
Let x(g) = g**2 + 11*g + 9. Let j(i) = -i - 2 + 0*i - 4*i + 2*i. Let q be j(2). Determine x(q).
-15
Let o(b) = 11069*b - 396 - 144 - 50 - 11127*b - 103. What is o(-12)?
3
Let s(h) = 2*h**2 - 709*h + 703*h - 25 + 35 - h**2. Calculate s(5).
5
Let q(w) = w**3 + 11*w**2 - 25*w + 15. Let v(u) = -5*u**2 + 40*u - 48. Let f be v(7). Determine q(f).
2
Let q(f) be the first derivative of -f**3/3 + 5*f**2 + 7*f - 1. Suppose -26963*c + 264 = -26930*c. Calculate q(c).
23
Let n(x) be the second derivative of 5/3*x**3 - 16*x + 0 + 3/2*x**2. Suppose 0 = -m + 4, 0*m = s - 2*m + 10. Determine n(s).
-17
Suppose -40 = 158*m - 153*m + 5*o, -5*m - o = 8. Let z(n) = 45*n - 2. Give z(m).
-2
Let b(a) be the first derivative of a**5/60 + a**4/24 - a**3/2 + 3*a**2/2 - 10*a + 2. Let v(t) be the second derivative of b(t). Determine v(4).
17
Let t(s) = -9*s**2 - 3*s + 1. Let g(m) = -136*m + 20*m**2 - 1 + 276*m - 9*m**2 - 136*m. Let j(u) = -4*g(u) - 5*t(u). Calculate j(-5).
29
Let i(s) = -6*s + 3. Let q = 10 + -8. Let g be 9/54 - (-17)/6. Suppose -g = u + 5*y, 2*u - y = -q*u - 12. What is i(u)?
21
Let i = -388 - -788. Let l = i + -398. Let r(z) = 4*z**3 - z**2 - 4*z + 3. Calculate r(l).
23
Let u(n) = -10*n - 1. Let s be u(12). Let j = -114 - s. Suppose y = -j*y + 32. Let w(v) = v**3 - 3*v**2 + 2*v - 3. What is w(y)?
21
Suppose -71*p + 69*p = -6 - 6. Let i(z) = -z**3 + 3*z**2 + 13*z + 10. Determine i(p).
-20
Let b(j) be the second derivative of -j**6/120 - j**5/20 + j**4/4 + j**3 - 12*j**2 + 101*j. Let t(r) be the first derivative of b(r). Calculate t(-4).
-2
Suppose 6*u - 55 = -5*u. Let a(y) = 12 - 4*y - y**3 + u*y - 9*y**2 - y**2. Calculate a(-10).
2
Let t(v) = -2*v**2 + 979*v**3 - 78*v - 971*v**3 + 2 + 42*v + 36*v. Calculate t(-2).
-70
Let d(q) = -q**2 - q + 15. Suppose -v - 2*x + 1 = 0, 23*v + 4*x + 18 = 25*v. Determine d(v).
-15
Let y(g) = -g**2 + 8*g + 3. Let v(n) = n**2 - 43*n - 5. Let l be v(0). Let c(p) = 38*p + 198. Let a be c(l). Give y(a).
3
Let r(d) = 2*d**2 + 2*d - 27. Let j be r(-5). Suppose -m = 0, j*p = 10*p - m - 6. Let l be 3*((1 - p) + -4). Let b(u) = -u**2 + 3*u + 2. Determine b(l).
-16
Let v(b) = -b - 11. Let x(w) = 3*w**3 - 4*w**2 + w - 5. Let j be x(2). Let n(t) = -t - 2. Let f(p) = j*n(p) - v(p). Determine f(-2).
9
Let n(g) be the third derivative of 5*g**4/12 - 17*g**3 + 867*g**2. What is n(11)?
8
Let v(i) be the first derivative of -13*i**2